de 41454?
True
Does 15 divide 5745?
True
Is 50724 a multiple of 64?
False
Is 5780 a multiple of 4?
True
Is 3 a factor of 62?
False
Is 6 a factor of 2986?
False
Is 21276 a multiple of 187?
False
Is 4152 a multiple of 18?
False
Is 12 a factor of 24559?
False
Is 11 a factor of 5407?
False
Is 46 a factor of 133998?
True
Is 85 a factor of 340?
True
Does 35 divide 1680?
True
Is 3 a factor of 102?
True
Is 18 a factor of 2469?
False
Is 1679 a multiple of 243?
False
Is 64283 a multiple of 91?
False
Is 47 a factor of 4815?
False
Is 407 a factor of 32153?
True
Does 80 divide 960?
True
Is 84 a factor of 4788?
True
Is 13 a factor of 27?
False
Is 38820 a multiple of 30?
True
Is 22 a factor of 2300?
False
Is 17 a factor of 170?
True
Is 10 a factor of 5324?
False
Is 116 a factor of 3132?
True
Does 23 divide 115?
True
Is 33 a factor of 2033?
False
Is 12 a factor of 1140?
True
Does 4 divide 632?
True
Does 67 divide 29614?
True
Is 66 a factor of 960?
False
Does 38 divide 494?
True
Does 42 divide 22680?
True
Does 77 divide 10842?
False
Does 74 divide 211?
False
Is 8274 a multiple of 14?
True
Is 211 a multiple of 2?
False
Is 2 a factor of 895?
False
Is 133 a multiple of 5?
False
Is 43992 a multiple of 18?
True
Does 65 divide 1365?
True
Is 25 a factor of 50?
True
Is 2649 a multiple of 14?
False
Is 6580 a multiple of 140?
True
Is 564 a multiple of 12?
True
Is 1220 a multiple of 122?
True
Is 357 a multiple of 21?
True
Is 5166 a multiple of 115?
False
Does 21 divide 84?
True
Does 22 divide 308?
True
Is 4 a factor of 409?
False
Is 24 a factor of 86?
False
Is 9 a factor of 5409?
True
Does 14 divide 6901?
False
Is 48 a factor of 432?
True
Is 33178 a multiple of 40?
False
Is 231 even?
False
Does 15 divide 1390?
False
Is 77 a factor of 5313?
True
Does 12 divide 2388?
True
Is 651 a multiple of 21?
True
Is 32656 a multiple of 77?
False
Is 1520 a multiple of 19?
True
Is 312 a multiple of 4?
True
Is 2717 a multiple of 247?
True
Does 35 divide 4273?
False
Does 9 divide 2439?
True
Is 64 a factor of 1920?
True
Is 24 a factor of 44508?
False
Is 162 a multiple of 3?
True
Is 1336 a multiple of 72?
False
Is 17874 a multiple of 48?
False
Is 7 a factor of 77?
True
Is 9210 a multiple of 30?
True
Is 26 a factor of 928?
False
Is 3 a factor of 661?
False
Does 6 divide 198?
True
Is 3135 a multiple of 57?
True
Is 61 a factor of 715?
False
Is 7 a factor of 217?
True
Is 16 a factor of 528?
True
Does 55 divide 32285?
True
Does 64 divide 83853?
False
Does 5 divide 3850?
True
Does 10 divide 4880?
True
Is 24 a factor of 18624?
True
Is 51 a factor of 86880?
False
Does 61 divide 4846?
False
Does 7 divide 3524?
False
Does 71 divide 8520?
True
Does 20 divide 4947?
False
Does 35 divide 20271?
False
Is 4532 a multiple of 22?
True
Does 5 divide 210?
True
Is 38801 a multiple of 161?
True
Is 12 a factor of 178?
False
Is 318 a multiple of 4?
False
Is 21 a factor of 15309?
True
Is 92 a factor of 276?
True
Does 14 divide 5600?
True
Is 7842 a multiple of 59?
False
Does 12 divide 420?
True
Is 5 a factor of 105?
True
Is 4843 a multiple of 18?
False
Does 7 divide 798?
True
Is 22 a factor of 1232?
True
Does 24 divide 21504?
True
Is 616 a multiple of 14?
True
Is 2 a factor of 240?
True
Is 53526 a multiple of 11?
True
Is 16 a factor of 4048?
True
Is 3751 a multiple of 7?
False
Is 2952 a multiple of 82?
True
Is 6 a factor of 156?
True
Does 72 divide 943?
False
Is 22 a factor of 528?
True
Does 13 divide 611?
True
Is 98 a factor of 2842?
True
Is 900 a multiple of 9?
True
Does 3 divide 163?
False
Is 4 a factor of 10745?
False
Is 36508 a multiple of 78?
False
Is 49 a factor of 3430?
True
Is 735 a multiple of 35?
True
Does 2 divide 215?
False
Does 7 divide 12838?
True
Is 448 a multiple of 7?
True
Is 3655 a multiple of 43?
True
Is 72 a factor of 20301?
False
Is 6 a factor of 708?
True
Is 20 a factor of 56060?
True
Does 20 divide 220?
True
Is 420 a multiple of 35?
True
Is 44 a factor of 704?
True
Is 234 a multiple of 13?
True
Does 23 divide 322?
True
Does 29 divide 89146?
True
Is 35 a factor of 56?
False
Does 11 divide 4052?
False
Is 79 a factor of 573?
False
Is 11 a factor of 2824?
False
Does 11 divide 6349?
False
Is 121 a factor of 3751?
True
Is 10 a factor of 69400?
True
Is 81873 a multiple of 11?
True
Is 450 a multiple of 45?
True
Is 96 a factor of 379?
False
Does 28 divide 243?
False
Does 83 divide 2507?
False
Is 24 a factor of 7702?
False
Is 13079 a multiple of 8?
False
Is 2843 a multiple of 76?
False
Is 238716 a multiple of 19?
True
Is 13 a factor of 34526?
False
Is 3525 a multiple of 5?
True
Is 69 a factor of 454?
False
Is 18054 a multiple of 47?
False
Is 3 a factor of 505?
False
Does 7 divide 1349?
False
Is 1008 a multiple of 9?
True
Is 20 a factor of 887?
False
Does 53 divide 424?
True
Does 99 divide 41919?
False
Is 63 a factor of 315?
True
Does 203 divide 352?
False
Does 71 divide 994?
True
Does 11 divide 352?
True
Does 20 divide 30776?
False
Does 61 divide 74835?
False
Is 17633 a multiple of 229?
True
Does 51 divide 1539?
False
Is 13 a factor of 4190?
False
Is 4512 a multiple of 49?
False
Is 1400 a multiple of 36?
False
Is 78 a multiple of 13?
True
Does 3 divide 73?
False
Is 242 a multiple of 10?
False
Is 31 a factor of 13020?
True
Is 10 a factor of 2370?
True
Does 2 divide 94?
True
Does 60 divide 3900?
True
Does 9 divide 3473?
False
Is 4203 a multiple of 7?
False
Is 108 a factor of 2399?
False
Is 6 a factor of 528?
True
Is 7 a factor of 693?
True
Is 100 a factor of 6032?
False
Is 19 a factor of 456?
True
Is 5415 a multiple of 19?
True
Is 8439 a multiple of 3?
True
Is 611 a multiple of 43?
False
Is 8393 a multiple of 11?
True
Does 22 divide 4620?
True
Does 20 divide 16268?
False
Does 110 divide 31948?
False
Is 12676 a multiple of 13?
False
Is 5695 a multiple of 5?
True
Is 7 a factor of 10040?
False
Does 18 divide 5424?
False
Is 14 a factor of 999?
False
Is 3634 a multiple of 26?
False
Is 2 a factor of 167?
False
Is 16380 a multiple of 84?
True
Does 3 divide 3780?
True
Is 60 a factor of 50675?
False
Is 92 a factor of 2566?
False
Does 43 divide 2458?
False
Is 55 a factor of 516?
False
Is 6097 a multiple of 91?
True
Is 12628 a multiple of 121?
False
Is 28 a factor of 102?
False
Does 4 divide 836?
True
Is 647 a multiple of 21?
False
Is 35280 a multiple of 280?
True
Does 6 divide 13121?
False
Is 82 a factor of 85?
False
Is 172 a factor of 70520?
True
Is 19 a factor of 91879?
False
Is 48 a factor of 12118?
False
Is 308 a factor of 16632?
True
Is 14 a factor of 1836?
False
Does 17 divide 2846?
False
Is 460 a multiple of 10?
True
Is 16092 a multiple of 6?
True
Does 26 divide 5081?
False
Is 19794 a multiple of 3?
True
Is 49 a multiple of 7?
True
Does 11 divide 6743?
True
Is 19 a factor of 4095?
False
Is 1328 a multiple of 10?
False
Is 3608 a multiple of 41?
True
Is 54 a factor of 3672?
True
Does 3 divide 1194?
True
Is 1244 a multiple of 13?
False
Is 16891 a multiple of 62?
False
Is 9 a factor of 2196?
True
Is 23 a factor of 4965?
False
Is 18 a factor of 306?
True
Is 18224 a multiple of 68?
True
Does 10 divide 705?
False
Is 22 a factor of 279?
False
Is 2420 a multiple of 20?
True
Does 8 divide 4728?
True
Does 23 divide 2668?
True
Does 80 divide 15600?
True
Is 121 a factor of 60183?
False
Does 10 divide 5274?
False
Is 18 a factor of 5826?
False
Is 160 a factor of 22626?
False
Does 29 divide 3560?
False
Does 10 divide 1801?
False
Is 16 a factor of 1040?
True
Is 15 a factor of 88666?
False
Does 138 divide 3805?
False
Is 962 a multiple of 13?
True
Is 31 a factor of 4178?
False
Does 50 divide 380?
False
Is 33558 a multiple of 282?
True
Is 113 a multiple of 19?
False
Is 17 a factor of 9430?
False
Is 16 a factor of 3442?
False
Is 27351 a multiple of 27?
True
Is 151 a factor of 5452?
False
Is 16 a factor of 912?
True
Is 15 a factor of 647?
False
Is 5003 a multiple of 15?
False
Does 45 divide 42323?
False
Is 1408 a multiple of 11?
True
Does 28 divide 8003?
False
Is 125 a factor of 2771?
False
Is 13 a factor of 72227?
False
Is 19 a factor of 18924?
True
Is 87 a factor of 4263?
True
Is 26 a factor of 2048?
False
Is 12 a factor of 2270?
False
Does 43 divide 135?
False
Is 37 a factor of 3256?
True
Is 12060 a multiple of 18?
True
Does 39 divide 56181?
False
Does 21 divide 273?
True
Is 5904 a multiple of 72?
True
Does 11 divide 196